7?
-28
In base 15, what is -2 - -2?
0
In base 14, what is -8 + 7a?
72
In base 10, what is 5 - 27?
-22
In base 16, what is -90 + -2?
-92
In base 12, what is -82 + -2?
-84
In base 14, what is -39 + -2?
-3b
In base 8, what is 37113 - 5?
37106
In base 3, what is 122221 + 120?
200111
In base 9, what is -84 + 15?
-68
In base 6, what is 103 + 2044?
2151
In base 4, what is 11 + 123123?
123200
In base 2, what is -100 - 1011000001110?
-1011000010010
In base 3, what is 112120111 - 0?
112120111
In base 16, what is -4 - 8e?
-92
In base 3, what is -12 - -1112001?
1111212
In base 8, what is -1102 - 0?
-1102
In base 16, what is 1b - 99?
-7e
In base 5, what is 22 - 202?
-130
In base 14, what is -25c + -9?
-267
In base 4, what is -2 - 211?
-213
In base 12, what is 5 + 26?
2b
In base 3, what is -20 + -2221?
-10011
In base 16, what is 2 - -15d?
15f
In base 4, what is 3 - 3003?
-3000
In base 13, what is -5 - -56?
51
In base 5, what is 441 - -430?
1421
In base 12, what is 689 + 1?
68a
In base 8, what is 5 - 42?
-35
In base 6, what is 3203 - 0?
3203
In base 7, what is -1213 + 4?
-1206
In base 5, what is 40 - -1243?
1333
In base 6, what is -303 - -112?
-151
In base 7, what is 2504 - -3?
2510
In base 4, what is -1 - -23?
22
In base 15, what is -937 + 2?
-935
In base 4, what is -30 - -32?
2
In base 15, what is -1 + 13e?
13d
In base 13, what is -3 + 99?
96
In base 4, what is 113 - -1?
120
In base 12, what is 82 - 4?
7a
In base 10, what is 73 + 115?
188
In base 14, what is 2 + 4?
6
In base 4, what is 1 - 332?
-331
In base 14, what is -77 - 2?
-79
In base 2, what is -101 - -11100?
10111
In base 8, what is 10 - -235?
245
In base 10, what is -888 + 0?
-888
In base 8, what is -2 - 1730?
-1732
In base 11, what is 5 + 671?
676
In base 2, what is 10 + -1111?
-1101
In base 2, what is 1101100101 - -101?
1101101010
In base 4, what is -1133 - -201?
-332
In base 3, what is 1002122 + -12?
1002110
In base 4, what is 1130 + 0?
1130
In base 5, what is -2010 - -10?
-2000
In base 15, what is -2c7 + -1?
-2c8
In base 2, what is 1001000001 + -1?
1001000000
In base 3, what is -102011 + 0?
-102011
In base 5, what is 0 - -20420?
20420
In base 2, what is 1010 + -10101011001?
-10101001111
In base 14, what is -23 + -6?
-29
In base 16, what is 3f - -c?
4b
In base 12, what is -849 - 0?
-849
In base 9, what is 28 - 11?
17
In base 7, what is 31 - -1125?
1156
In base 5, what is 4240 + 1?
4241
In base 15, what is -56 + 9?
-4c
In base 8, what is -656 + -32?
-710
In base 8, what is -26 + 74?
46
In base 14, what is 44 - 114?
-b0
In base 15, what is -68 - 1b?
-84
In base 12, what is -2b - 179?
-1a8
In base 10, what is 5 - 14?
-9
In base 4, what is 21 - 3302?
-3221
In base 9, what is 3 + -56?
-53
In base 6, what is 10 - 1135?
-1125
In base 16, what is 4 - -228?
22c
In base 14, what is 13 - 226?
-213
In base 4, what is 2122 + 3?
2131
In base 13, what is 3 + -66b?
-668
In base 11, what is -3 - -216?
213
In base 12, what is -1 + -46?
-47
In base 6, what is -520 - 13?
-533
In base 4, what is -102013 + -3?
-102022
In base 2, what is -101001 - 1000?
-110001
In base 15, what is 1 + 1a8?
1a9
In base 6, what is -313 + -13?
-330
In base 15, what is b3 - 17?
9b
In base 16, what is 1 - -189?
18a
In base 7, what is 2 - 1512?
-1510
In base 10, what is -194 + 6?
-188
In base 9, what is -48143 - -1?
-48142
In base 10, what is 271 - 1?
270
In base 16, what is -48 + 2?
-46
In base 14, what is -1c19 + 0?
-1c19
In base 11, what is -1485 + 5?
-1480
In base 16, what is 5 - -3b?
40
In base 8, what is -53 - -13?
-40
In base 10, what is -4 + 70?
66
In base 6, what is 2 + -12423?
-12421
In base 3, what is -2202 + 1?
-2201
In base 7, what is 140 + -352?
-212
In base 6, what is -121 + 1?
-120
In base 5, what is -1 + 40401?
40400
In base 5, what is -10 - 114?
-124
In base 6, what is 22 + -12?
10
In base 11, what is -146 - -37?
-10a
In base 13, what is -2 + -11?
-13
In base 9, what is -1025 - 51?
-1076
In base 8, what is -23 - -34?
11
In base 14, what is 0 + 368?
368
In base 3, what is 111 + -2110?
-1222
In base 5, what is 4 + 330?
334
In base 2, what is -100100111 - 11?
-100101010
In base 16, what is 426 + 4?
42a
In base 4, what is 3 + -1230?
-1221
In base 11, what is -9 + 44?
36
In base 8, what is -51 - -5?
-44
In base 16, what is -2 - 358?
-35a
In base 10, what is 6 + -36?
-30
In base 2, what is -1101 - -11010?
1101
In base 3, what is 2112 - -220?
10102
In base 14, what is -10a - -3?
-107
In base 6, what is 0 - 3013?
-3013
In base 12, what is -5 - -1a?
15
In base 4, what is -1113 - 10?
-1123
In base 3, what is 10221111 + -10?
10221101
In base 5, what is 2 + 310?
312
In base 14, what is -4 + 1386?
1382
In base 4, what is -1003 - -32?
-311
In base 10, what is 70 - -2?
72
In base 10, what is -48 - -2?
-46
In base 6, what is -11 + -11?
-22
In base 2, what is -11 - 10011000?
-10011011
In base 12, what is 2 - 10a2?
-10a0
In base 13, what is 6 - -10c?
115
In base 4, what is -12202 + 21?
-12121
In base 16, what is 1b8 - -41?
1f9
In base 16, what is -29 - -10a?
e1
In base 15, what is 2e8 - -2?
2ea
In base 11, what is -4 - -20?
17
In base 10, what is 1 - -367?
368
In base 12, what is 1 + -150?
-14b
In base 3, what is -101220001 - 11?
-101220012
In base 10, what is -1 - -225?
224
In base 16, what is 4 + -6a?
-66
In base 13, what is -18c - -4?
-188
In base 9, what is 1473 + -7?
1465
In base 5, what is 10 - -3133?
3143
In base 10, what is -159 + 4?
-155
In base 14, what is -9 + -24?
-2d
In base 14, what is -7b + -8a?
-127
In base 3, what is -2 - -101222?
101220
In base 14, what is 1 - -72?
73
In base 16, what is 91 + e?
9f
In base 6, what is 22 - 2?
20
In base 2, what is 10011011 + -11?
10011000
In base 12, what is 1867 + 4?
186b
In base 11, what is 3 - -137?
13a
In base 13, what is 5 - -1c?
24
In base 5, what is -13 + -31224?
-31242
In base 7, what is -223 + 21?
-202
In base 12, what is -2 + 2b22?
2b20
In base 5, what is -20 - -120?
100
In base 6, what is 103 + -1253?
-1150
In base 8, what is -4 - -57?
53
In base 13, what is -4 - -37?
33
In base 12, what is -36 + -115?
-14b
In base 4, what is 3 - -1001?
1010
In base 8, what is -161 - -107?
-52
In base 6, what is 11412 + 1?
11413
In base 10, what is 215 + 2?
217
In base 7, what is -2 + 140?
135
In base 15, what is 5 - -63?
68
In base 15, what is 0 - -35?
35
In base 8, what is 1 + -141?
-140
In base 15, what is 72e - 2?
72c
In base 4, what is 3 - -10233?
10302
In base 15, what is -1 + 4b?
4a
In base 2, what is -1 + -100?
-101
In base 15, what is -183 - 4?
-187
In base 14, what is 1105 + -3?
1102
In base 3, what is -2221 - 1201?
-11122
In base 12, what is -29 - 48?
-75
In base 2, what is 1100 + 1110?
11010
In base 14, what is -a - 264?
-270
In base 5, what is 2 - -32204?
32211
In base 11, what is -2 + 288?
286
In base 2, what is -11110000000 - 101?
-11110000101
In base 15, what is -b + c?
1
In base 9, what is -3 - 181?
-184
In base 2, what is 10111001 + -10010?
10100111
In base 2, what is 1111 - -11?
10010
In base 14, what is 177 + -5?
172
In base 5, what is 10231 - -2?
10233
In base 7, what is 4 + 10?
14
In base 5, what is -201 - -101?
-100
In base 2, what is 1001111 - 0?
1001111
In base 13, what is 3 + -16a?
-167
In base 10, what is 1 + -426?
-425
In base 11, what is 4 + 17?
20
In base 5, what is -223 + -3?
-231
In base 12, what is 0 + 59?
59
In base 14, what is 5 + 177?
17c
In base 11, what is -3 + 24?
21
In base 14, what is -34 + 4?
-30
In base 13, what is -6 + -38?
-41
In base 12, what is 0 + 76?
76
In base 4, what is -11 - 12323?
-13000
In base 11, what is 1 + -300?
-2aa
In base 2, what is -10 - -11001?
10111
In base 13, what is -31 - 2?
-33
In base 6, what is -534 + -4?
-542
In base 16, what is 26 + 20?
46
In base 16, what is -9 - 6?
-f
In base 2, what is -100 - 10000001010?
-10000001110
In base 4, what is -230123 + -10?
-230133
In base 7, what is 4245 + -4?
4241
In base 5, what is 3 - 3132?
-3124
In base 2, what is -1 + -10001001010?
-10001001011
In base 7, what is -10554 + 2?
-10552
In base 15, what is -3 - 0?
-3
In base 9, what is 8 - -181?
200
In base 14, what is d5d - 3?
d5a
In base 15, what is 89 - 11?
78
In base 9, what is -1043 - -4?
-1038
In base 15, what is -16 - 2c?
-43
In base 8, what is 1 - 2?
-1
In base 15, what is 9a + 1?
9b
In base 8, what is 34 - -5?
41
In base 5, what i